t is the tens digit of y?
7
Suppose 0 = -2*q - 5*d + 28427, -20*q + 18*q + 5*d + 28397 = 0. What is the thousands digit of q?
4
Let w = 20 - -1. Suppose w*t - 13373 + 2117 = 0. What is the hundreds digit of t?
5
Suppose -2077343 = 552*o - 9686663. What is the ten thousands digit of o?
1
Let u(j) = 128*j - 25. Let s(b) = 1. Let t(p) = 6*s(p) + u(p). What is the tens digit of t(4)?
9
Suppose 117*i - 37*i - 2119988 = -38*i. What is the tens digit of i?
6
Suppose -2*k + 2*q - 2 = 0, -4*q + 3 = -q. Suppose t + 3 = 2*p - k*t, 3*t - 11 = -4*p. Suppose 2 = m, -g - p*g - 5*m + 124 = 0. What is the units digit of g?
8
Let q(j) = 22*j - 149. Let y be q(7). Suppose 0 = 5*n - y*a - 4320, -17*n + 4350 = -12*n + a. What is the tens digit of n?
6
Let o be -7*(9 + -2 + -3). Let j(b) = -12*b - 63. What is the units digit of j(o)?
3
Let p be (-24)/(-8) - 4 - -536. Let q = 144 + p. What is the units digit of q?
9
Suppose 9*u - 6*u + 180389 = 14*u. What is the hundreds digit of u?
3
Suppose 9*h + 191 - 2261 = 0. Suppose h = -6*i + 1016. Suppose -10*a + 1169 + i = 0. What is the tens digit of a?
3
Suppose 9*f = 165 - 30. Let c(l) = -f + 14*l - 12*l - 7. What is the units digit of c(15)?
8
Let q = 8 - 4. Let l = 11 + -11. Suppose 344 = q*u - l*u. What is the units digit of u?
6
Let h(j) = -449*j**3 - 4*j**2 + 16*j + 13. What is the thousands digit of h(-3)?
2
Let j(y) = -476*y - 165. What is the thousands digit of j(-5)?
2
Suppose -2303 = -2*p + 3*g, -g = -3*p - 3*g + 3474. Let x = 1746 - p. What is the hundreds digit of x?
5
Suppose 4*m - 7107 = -3*s, 2931 = -2*s + 2*m + 7655. What is the thousands digit of s?
2
Suppose 2*q = 8, -3 = 2*s + 2*q + 3. Let r = s - -218. What is the units digit of r?
1
Suppose 0 = 3*h + 1004 - 47. Let g be (4 - 4/2)*h/(-22). Suppose -4*d + 0*d - z + g = 0, -2*z + 26 = 4*d. What is the units digit of d?
8
Let z be (-49)/(4 + (-5)/1). Let s = z + -79. Let c = 40 - s. What is the tens digit of c?
7
Suppose 26*k + 11*k - 458336 = 515245. What is the thousands digit of k?
6
Let u = 1062 - -19463. What is the tens digit of u?
2
Let g = -138 + 138. Suppose -7*z + 2*z - 4*d + 815 = g, -3*z + 489 = -4*d. What is the tens digit of z?
6
Suppose 14*y = 9*y - 4*b - 26, -b = -4*y - 4. What is the units digit of 2695/(-44)*(-2 + y)?
5
Let z = 8985 - 4766. What is the thousands digit of z?
4
Suppose -104000 = -159*r + 83*r + 66*r. What is the ten thousands digit of r?
1
Let g(p) = 530*p**2 + p - 10. Let v be g(-4). Let l be 44/(-12) + 4 + v/9. Suppose 0 = 6*s - s + 2*u - l, 0 = 5*u - 15. What is the hundreds digit of s?
1
Let j be (2 - 0)*189/6. Let q = 66 + j. What is the units digit of q?
9
Suppose 7727 = x - 2*a, 4*x - 13910 = a + 17005. What is the tens digit of x?
2
Suppose -1932 = -120*t + 113*t. What is the hundreds digit of (t/10)/(39/455)?
3
Let f be (2 + (-24)/5)/(8/80). What is the units digit of (-2)/((-12)/2770) + f/(-21)?
3
Let r = -3106 + 3270. Let j = 9 - 6. Suppose -5*x + 184 = 4*a, 16 = -4*x - j*a + r. What is the units digit of x?
0
Suppose 8 = a - 2. Let b be a/3*78/65. Suppose t = -4*y + 21, 2*y = -b*t - 3*y + 139. What is the units digit of t?
1
Let s = 167 - 115. Suppose s = 5*x - 28. Suppose x*f - 14*f - 5*c = 593, -2*f + 543 = 5*c. What is the units digit of f?
4
Let h = -36 - -37. What is the hundreds digit of (-174344)/(-266) + (h - 6/14)?
6
Suppose 0 = -5*k - 17 + 37, 3*k = -3*z + 35115. What is the units digit of z?
1
Suppose -13*r + 208 = -0*r. Let n(q) = 21*q + 178. What is the hundreds digit of n(r)?
5
Let b be (-516)/20*1050/(-14). Suppose b = -22*k + 14695. What is the hundreds digit of k?
5
Let k(q) = -47*q + 247. Suppose 0 = 5*r + 34 + 11. What is the units digit of k(r)?
0
Let y = -11 - -49. Let k = -35 + y. Suppose -a - k + 5 = 0. What is the units digit of a?
2
Let h = -65 - -228. Let l = h - -264. What is the units digit of l?
7
Let t(h) = -2262*h**2 + 66*h - 15 + 2236*h**2 + 6*h. Let k(w) = 9*w**2 - 24*w + 5. Let z(b) = -11*k(b) - 4*t(b). What is the units digit of z(7)?
2
Let a(k) = 2*k**3 + 4*k**2 - 6*k - 3. Let i = 18 - 15. Let w be a(i). Suppose -3*j + 6*j - 165 = -2*y, j - w = 4*y. What is the tens digit of j?
5
Suppose 0 = 61*h + 74*h - 2904255. What is the ten thousands digit of h?
2
Suppose 203074 - 13369 = 4*q - d, 7*q - 331981 = -d. What is the units digit of q?
6
Let f = 59 + -59. Suppose 2*w + 0*w - 784 = f. Suppose 4*p = 4*i + w, 6*p + 2*i - 386 = 2*p. What is the tens digit of p?
9
Suppose -o - 1 = -0. Let u be -3 + (-2 - (-17 - o)). Suppose 3*w - 154 = u. What is the units digit of w?
5
Suppose h - 2*j - 3540 = 0, h + 373 = -3*j + 3898. Let z = 5080 - h. What is the tens digit of z?
4
Suppose -m + 0*m = -3*w, 0 = 5*m. Let g(r) = -r**3 - r**2 - 27 + 105 + 2*r - 15. What is the tens digit of g(w)?
6
Suppose 2*r - 24*b + 22*b - 15478 = 0, 5*r + 4*b - 38677 = 0. What is the units digit of r?
7
Suppose 0 = 218*g - 23*g - 5050263 + 1591548. What is the ten thousands digit of g?
1
Suppose 4*l - l - 30 = 0. Let q be 6408/48 + ((-6)/4)/(-3). What is the tens digit of (-8)/l - q/(-5)?
2
Let h = -4640 - -10544. What is the units digit of h?
4
What is the hundreds digit of 6 + -11 + 1970 + 0?
9
Let o(j) = -j**3 - j**2 + j. Let y be o(0). Let p(l) = -6*l + 3. Let i be p(y). Let w(x) = x**2 + 1. What is the tens digit of w(i)?
1
What is the hundreds digit of ((-2573529)/(-732) + 2/(-1))*4?
0
Suppose -250*s + 51042 = -245*s - 3*t, 5*t + 20394 = 2*s. What is the units digit of s?
2
Let y(x) = -3*x - 8. Let o be y(-3). Suppose -f + w - 1 = 0, 0 = f - 2*w + 3 - o. What is the tens digit of (-19)/(-1 + f) - (-1 - 3)?
2
Suppose -22*t + 4387302 = 180*t - 2457064. What is the hundreds digit of t?
8
Let q = 141 - 138. Suppose 0 = -q*k - 377 + 1685. What is the units digit of k?
6
Let n be 3/2*30/18*8. Suppose 45024 = 12*h + n*h. What is the thousands digit of h?
1
Suppose 5*i = 7*i - 8. Suppose -i = -5*y + 6. Suppose 4*c + 3*u = 341, y*c + 3*u = 7*u + 176. What is the units digit of c?
6
Suppose 4*q - 58*p + 57*p = 209334, -q + 52359 = 4*p. What is the hundreds digit of q?
3
Suppose -l - 5*q = 102, 8*q - 96 = l + 7*q. Suppose 4*b = 506 + 58. Let c = l + b. What is the units digit of c?
4
Let u = 78037 + -48638. What is the thousands digit of u?
9
Let j(l) be the third derivative of l**5/60 - 5*l**4/12 - l**3/6 - 24*l**2. What is the tens digit of j(-4)?
5
Let c(g) = -9*g + 649. What is the tens digit of c(-48)?
8
Let p(g) = -87*g**3 - 2*g**2 + 2*g - 1. Let q be p(1). Let v = 875 - 878. Let c = v - q. What is the units digit of c?
5
Suppose 1 = 3*u - 2. Suppose -4*k + 5*x + 53 = 0, 0 = -5*k + 3*x + 2*x + 65. What is the tens digit of ((-32)/(-12))/(u/k)?
3
Let h = 7918 + 1640. What is the tens digit of h?
5
Let r = -1846 + 10301. What is the hundreds digit of r?
4
Let t(j) = 62*j**2 - 25*j + 2549. What is the thousands digit of t(32)?
5
What is the units digit of (26 + (-33 - -12))/((-3)/(-22335))?
5
Suppose -7*p + 479 - 402 = 0. Suppose -5134 = p*r - 45*r. What is the units digit of r?
1
Let c(t) = -80*t + 1178. What is the hundreds digit of c(-82)?
7
What is the units digit of (-620)/(-50)*42865/11 + 6/(-11)?
0
Let o be (-6)/5*20/(-8). Suppose -3*f = -5*p, 3*f - o*p = -4*p. What is the units digit of 1/(-3)*(f + -183)?
1
Let r(u) = -15*u - 270. Let q be r(-18). Suppose q = -29*w + 24*w + 6965. What is the thousands digit of w?
1
Let p(j) = -11*j - 89. Let n be p(9). Suppose -4*h + x = h + 1684, -2*x = 2*h + 664. Let b = n - h. What is the units digit of b?
8
Let x = -3 - -9. Suppose 0 = 3*n + x*n - 522. What is the units digit of n?
8
Let w(k) = -7*k - 144. Let s be 40/(-15)*(-15)/20*-13. What is the tens digit of w(s)?
3
Suppose -180*l + 10602 = -171*l. What is the tens digit of l?
7
Suppose -1809*m + 1798*m + 12947 = 0. What is the thousands digit of m?
1
Let p = -20456 - -35767. What is the hundreds digit of p?
3
Suppose 0 = -97*x + 96*x + 3. Suppose 125 + 235 = n - 5*w, -2*n + 759 = x*w. What is the tens digit of n?
7
Suppose -g + 122 = -139. Let x = g + -215. What is the tens digit of x?
4
Let c(g) = -1181*g**3 - 2*g**2 + 12*g + 14. What is the tens digit of c(-1)?
8
Let m = -93 - -141. Let y be 18/8 + -1 - m/(-64). Suppose -16 - 28 = -y*r. What is the tens digit of r?
2
Suppose 4*r = -2*x + 36, 4*r - 4*x = -